actors of 2965376.
2, 23167
List the prime factors of 1161843.
3, 387281
List the prime factors of 4755611.
7, 679373
What are the prime factors of 2520353?
11, 229123
List the prime factors of 118918.
2, 37, 1607
What are the prime factors of 8532360?
2, 3, 5, 137, 173
List the prime factors of 23795227.
1481, 16067
List the prime factors of 4517784.
2, 3, 17, 3691
List the prime factors of 99101.
113, 877
What are the prime factors of 4904367?
3, 13, 125753
List the prime factors of 467393.
29, 71, 227
List the prime factors of 129010.
2, 5, 7, 19, 97
What are the prime factors of 774100?
2, 5, 7741
List the prime factors of 3157771.
3157771
List the prime factors of 277547.
277547
List the prime factors of 419753.
419753
What are the prime factors of 211937?
11, 19267
List the prime factors of 453171.
3, 151057
What are the prime factors of 14891538?
2, 3, 37, 67079
What are the prime factors of 42159?
3, 13, 23, 47
What are the prime factors of 40559?
40559
List the prime factors of 176286.
2, 3, 11, 2671
What are the prime factors of 496298?
2, 11, 17, 1327
What are the prime factors of 19645235?
5, 3929047
What are the prime factors of 411249?
3, 29, 163
What are the prime factors of 70706?
2, 35353
List the prime factors of 7909827.
3, 2636609
What are the prime factors of 4626924?
2, 3, 17, 37, 613
List the prime factors of 14799682.
2, 7399841
List the prime factors of 1849213.
19, 97327
What are the prime factors of 3100282?
2, 1550141
What are the prime factors of 2459162?
2, 1229581
What are the prime factors of 12085525?
5, 191, 2531
What are the prime factors of 478799?
521, 919
List the prime factors of 182566.
2, 91283
List the prime factors of 241337.
241337
What are the prime factors of 363222?
2, 3, 17, 1187
What are the prime factors of 9345690?
2, 3, 5, 103841
List the prime factors of 11832903.
3, 1314767
List the prime factors of 2823420.
2, 3, 5, 47057
What are the prime factors of 3593825?
5, 29, 4957
List the prime factors of 7108254.
2, 3, 53, 7451
What are the prime factors of 1305762?
2, 3, 283, 769
List the prime factors of 76897.
131, 587
What are the prime factors of 11478323?
2053, 5591
List the prime factors of 1359615.
3, 5, 90641
List the prime factors of 1979221.
29, 139, 491
List the prime factors of 572277.
3, 190759
List the prime factors of 201390.
2, 3, 5, 7, 137
List the prime factors of 842005.
5, 47, 3583
What are the prime factors of 1585666?
2, 23, 34471
List the prime factors of 17601980.
2, 5, 11, 19, 4211
What are the prime factors of 229218?
2, 3, 11, 23, 151
What are the prime factors of 3337978?
2, 7, 34061
What are the prime factors of 413159?
413159
List the prime factors of 6209850.
2, 3, 5, 41399
List the prime factors of 10541294.
2, 59, 157, 569
What are the prime factors of 4647485?
5, 929497
List the prime factors of 3671643.
3, 17, 71993
List the prime factors of 1533135.
3, 5, 179, 571
List the prime factors of 3749354.
2, 7, 267811
List the prime factors of 3762191.
31, 157, 773
List the prime factors of 2268153.
3, 252017
What are the prime factors of 130119?
3, 11, 3943
List the prime factors of 1331332.
2, 23, 29, 499
List the prime factors of 949023.
3, 35149
What are the prime factors of 434385?
3, 5, 7, 197
What are the prime factors of 62400?
2, 3, 5, 13
What are the prime factors of 317197?
317197
What are the prime factors of 6541791?
3, 29, 75193
List the prime factors of 2804658.
2, 3, 61, 79, 97
List the prime factors of 277806.
2, 3, 46301
List the prime factors of 1731986.
2, 865993
What are the prime factors of 90589?
157, 577
What are the prime factors of 3788815?
5, 757763
List the prime factors of 2990177.
43, 69539
List the prime factors of 9743234.
2, 4871617
What are the prime factors of 3422201?
79, 43319
What are the prime factors of 3395082?
2, 3, 379, 1493
What are the prime factors of 10484386?
2, 11, 31, 15373
What are the prime factors of 583837?
211, 2767
What are the prime factors of 237089?
237089
List the prime factors of 1567386.
2, 3, 19, 4583
What are the prime factors of 1838391?
3, 612797
List the prime factors of 5135496.
2, 3, 17, 41, 307
List the prime factors of 6002674.
2, 53, 56629
List the prime factors of 13042801.
613, 21277
What are the prime factors of 1249030?
2, 5, 29, 59, 73
What are the prime factors of 519855?
3, 5, 7, 4951
What are the prime factors of 898730?
2, 5, 7, 37, 347
What are the prime factors of 1232938?
2, 7, 23, 547
List the prime factors of 272865.
3, 5, 18191
List the prime factors of 1129.
1129
List the prime factors of 25398759.
3, 71, 119243
What are the prime factors of 2695497?
3, 7, 47, 2731
What are the prime factors of 14894489?
151, 98639
What are the prime factors of 9295898?
2, 97, 47917
What are the prime factors of 987666?
2, 3, 17, 23, 421
List the prime factors of 8672353.
8672353
List the prime factors of 6493141.
6493141
List the prime factors of 190201.
11, 17291
What are the prime factors of 461940?
2, 3, 5, 7699
List the prime factors of 4403452.
2, 53, 20771
List the prime factors of 5801385.
3, 5, 439, 881
List the prime factors of 240041.
240041
List the prime factors of 205848.
2, 3, 953
What are the prime factors of 637964?
2, 159491
What are the prime factors of 314362?
2, 157181
What are the prime factors of 603073?
283, 2131
List the prime factors of 3801822.
2, 3, 283, 2239
List the prime factors of 6261116.
2, 139, 11261
List the prime factors of 1966530.
2, 3, 5, 65551
List the prime factors of 194476.
2, 48619
What are the prime factors of 149584?
2, 9349
What are the prime factors of 14139923?
7, 53, 38113
What are the prime factors of 2621075?
5, 59, 1777
List the prime factors of 6248500.
2, 5, 12497
List the prime factors of 34553355.
3, 5, 29, 79433
What are the prime factors of 169849?
31, 5479
List the prime factors of 117831.
3, 7, 31, 181
What are the prime factors of 286196?
2, 71549
What are the prime factors of 4318444?
2, 13, 83047
What are the prime factors of 2460106?
2, 11, 67, 1669
List the prime factors of 4316374.
2, 71, 113, 269
List the prime factors of 3671908.
2, 619, 1483
List the prime factors of 26550525.
3, 5, 354007
List the prime factors of 3592933.
17, 211349
What are the prime factors of 231593?
101, 2293
What are the prime factors of 358434?
2, 3, 19913
What are the prime factors of 192723?
3, 227, 283
What are the prime factors of 8379556?
2, 67, 31267
List the prime factors of 8461244.
2, 11, 103, 1867
What are the prime factors of 285715?
5, 57143
List the prime factors of 943470.
2, 3, 5, 11, 953
What are the prime factors of 1649586?
2, 3, 274931
What are the prime factors of 289754?
2, 23, 6299
What are the prime factors of 20886705?
3, 5, 7, 61, 1087
What are the prime factors of 1583096?
2, 197887
List the prime factors of 235436.
2, 71, 829
What are the prime factors of 19874806?
2, 7, 23, 61723
List the prime factors of 806280.
2, 3, 5, 6719
List the prime factors of 293705.
5, 58741
List the prime factors of 482709.
3, 160903
List the prime factors of 2614352.
2, 13, 12569
What are the prime factors of 359867?
43, 8369
List the prime factors of 359540.
2, 5, 17977
List the prime factors of 3302772.
2, 3, 11, 131, 191
What are the prime factors of 5397037?
5397037
What are the prime factors of 6865643?
6865643
List the prime factors of 17696538.
2, 3, 983141
What are the prime factors of 2697190?
2, 5, 269719
What are the prime factors of 212403?
3, 101, 701
What are the prime factors of 43217?
23, 1879
What are the prime factors of 189561?
3, 179, 353
What are the prime factors of 2106460?
2, 5, 105323
What are the prime factors of 197505?
3, 5, 7, 11, 19
List the prime factors of 1791345.
3, 5, 307, 389
What are the prime factors of 2773123?
2773123
List the prime factors of 19170084.
2, 3, 17, 93971
What are the prime factors of 33002456?
2, 4125307
What are the prime factors of 2021064?
2, 3, 84211
What are the prime factors of 20211062?
2, 17, 137, 4339
List the prime factors of 29243.
29243
What are the prime factors of 1442458?
2, 721229
What are the prime factors of 402188?
2, 100547
What are the prime factors of 7578423?
3, 842047
What are the prime factors of 1236145?
5, 247229
What are the prime factors of 45483?
3, 15161
Li